{"id":25798,"date":"2025-07-30T08:18:08","date_gmt":"2025-07-30T08:18:08","guid":{"rendered":"http:\/\/moose.de\/?page_id=25798"},"modified":"2025-07-30T08:31:56","modified_gmt":"2025-07-30T08:31:56","slug":"der-grunder","status":"publish","type":"page","link":"https:\/\/moose.de\/it_it\/der-grunder\/","title":{"rendered":"Der Gr\u00fcnder"},"content":{"rendered":"\t\t<div data-elementor-type=\"wp-page\" data-elementor-id=\"25798\" class=\"elementor elementor-25798\">\n\t\t\t\t<div class=\"elementor-element elementor-element-4b17458 e-flex e-con-boxed e-con e-parent\" data-id=\"4b17458\" data-element_type=\"container\">\n\t\t\t\t\t<div class=\"e-con-inner\">\n\t\t\t\t<div class=\"elementor-element elementor-element-b8654a0 elementor-widget elementor-widget-text-editor\" data-id=\"b8654a0\" data-element_type=\"widget\" data-widget_type=\"text-editor.default\">\n\t\t\t\t<div class=\"elementor-widget-container\">\n\t\t\t\t\t\t\t\t\t<p><strong>Der Gr\u00fcnder \u2013 Marek Los<\/strong><\/p><p>Marek Los ist Jurist, Dozent, Experte f\u00fcr den Fremdsprachenerwerb und Initiator internationaler Bildungsprojekte.<\/p><p>Er ist eine anerkannte und gesch\u00e4tzte Pers\u00f6nlichkeit f\u00fcr seinen Beitrag zum Sprachunterricht, insbesondere im Bereich Englisch. Er ist der Autor der innovativen Methode LRP &amp; Use with Ease, einem Ansatz, der Neurodidaktik, praktisches Strukturlernen und moderne Unterrichtstechniken vereint. Diese Methode, die bereits erfolgreich in Italien, Polen und Brasilien angewandt wird, hat Tausenden von Lernenden geholfen, schneller, effektiver und mit mehr Freude zu lernen.<\/p><p>Marek Los ist Gr\u00fcnder und Leiter zahlreicher internationaler Bildungs- und Gesch\u00e4ftsprojekte, darunter:<\/p><p>\ud83d\udc49 Centro Linguistico Moose srl (Italien) \u2013 Sprachschule mit Sitz in Rom<br \/>\ud83d\udc49 Moose Centrum J\u0119zyk\u00f3w Obcych (Polen) \u2013 Netzwerk mit \u00fcber 150 Sprachzentren im ganzen Land<br \/>\ud83d\udc49 Moose Casa Italia \u2013 Immobilien f\u00fcr Ausl\u00e4nder in Italien<br \/>\ud83d\udc49 Apartamento Brasil \u2013 Immobilieninvestitionen in Brasilien<br \/>\ud83d\udc49 Moose Polecane Korepetycje \u2013 Bildungsnetzwerk in ganz Polen<br \/>\ud83d\udc49Super-edu \u2013 Online-Bildungsportal<\/p><p>Seine Schulen und Projekte sind in \u00fcber einem Dutzend L\u00e4ndern vertreten und haben bereits mehr als 200.000 Lernende weltweit erreicht.<\/p><p>Als Jurist praktiziert Marek Los nicht als Anwalt in Italien, ist jedoch im internationalen, immobilien- und bildungsrechtlichen Bereich aktiv. Er ber\u00e4t Investoren und Privatpersonen in Italien, Polen und Brasilien mit einer ganzheitlichen Vision, die rechtliche, p\u00e4dagogische und unternehmerische Kompetenz vereint.<\/p><p>Seit \u00fcber 30 Jahren unterrichtet er und bildet Lehrkr\u00e4fte in verschiedenen L\u00e4ndern Europas und S\u00fcdamerikas aus, darunter Deutschland, \u00d6sterreich und die Schweiz. Er hat zahlreiche Artikel und didaktische Beitr\u00e4ge in mehreren Sprachen ver\u00f6ffentlicht und ist auch als Blogger und Bildungsreferent aktiv.<\/p><p>Er lebt zwischen Rom und Fortaleza (Brasilien), spricht sechs Sprachen und ist leidenschaftlicher Reisender, Kulturliebhaber, Fu\u00dfballfan und Bildungsenthusiast. In Rom wohnt er im Viertel Parioli und ist ein treuer Fan der AS Roma, regelm\u00e4\u00dfig im Olympiastadion anzutreffen.<\/p><p>Sein Ziel war nie der Profit, sondern die Schaffung einer ganz anderen Schule \u2013 einer Schule, in der der Mensch und das Ergebnis im Mittelpunkt stehen.<\/p><p>Seine st\u00e4ndige Pr\u00e4senz, seine Leidenschaft f\u00fcrs Lehren und seine menschliche Aufmerksamkeit sind das Herzst\u00fcck des Moose-Projekts.<\/p><p>\u00a0<\/p>\t\t\t\t\t\t\t\t<\/div>\n\t\t\t\t<\/div>\n\t\t\t\t<div class=\"elementor-element elementor-element-00b5df6 elementor-widget elementor-widget-text-editor\" data-id=\"00b5df6\" data-element_type=\"widget\" data-widget_type=\"text-editor.default\">\n\t\t\t\t<div class=\"elementor-widget-container\">\n\t\t\t\t\t\t\t\t\t<p class=\"ai-optimize-26\">\u00a0<\/p><blockquote><p>\u201cF\u00fcr mich war das Unterrichten nie nur ein Beruf. Es ist ein Lebensprojekt \u2013 eine Br\u00fccke zwischen Menschen und Welten.\u201d<br \/><em>Marek Los<\/em><\/p><p><img fetchpriority=\"high\" decoding=\"async\" class=\"alignnone size-medium wp-image-25235\" src=\"https:\/\/www.moose.it\/wp-content\/uploads\/2025\/07\/marek-los-fondatore-wordpress-225x300.jpg\" alt=\"\" width=\"225\" height=\"300\" \/><\/p><\/blockquote>\t\t\t\t\t\t\t\t<\/div>\n\t\t\t\t<\/div>\n\t\t\t\t\t<\/div>\n\t\t\t\t<\/div>\n\t\t\t\t<\/div>\n\t\t","protected":false},"excerpt":{"rendered":"<p>Der Gr\u00fcnder \u2013 Marek Los Marek Los ist Jurist, Dozent, Experte f\u00fcr den Fremdsprachenerwerb und Initiator internationaler Bildungsprojekte. Er ist&#8230;<\/p>\n","protected":false},"author":13,"featured_media":0,"parent":0,"menu_order":0,"comment_status":"closed","ping_status":"closed","template":"","meta":{"inline_featured_image":false,"footnotes":""},"class_list":["post-25798","page","type-page","status-publish","hentry"],"yoast_head":"<!-- This site is optimized with the Yoast SEO plugin v25.6 - https:\/\/yoast.com\/wordpress\/plugins\/seo\/ -->\n<title>Der Gr\u00fcnder - Sprachzentrum Moose<\/title>\n<meta name=\"robots\" content=\"index, follow, max-snippet:-1, max-image-preview:large, max-video-preview:-1\" \/>\n<link rel=\"canonical\" href=\"https:\/\/moose.de\/it_it\/der-grunder\/\" \/>\n<meta property=\"og:locale\" content=\"it_IT\" \/>\n<meta property=\"og:type\" content=\"article\" \/>\n<meta property=\"og:title\" content=\"Der Gr\u00fcnder - Sprachzentrum Moose\" \/>\n<meta property=\"og:description\" content=\"Der Gr\u00fcnder \u2013 Marek Los Marek Los ist Jurist, Dozent, Experte f\u00fcr den Fremdsprachenerwerb und Initiator internationaler Bildungsprojekte. Er ist&#8230;\" \/>\n<meta property=\"og:url\" content=\"https:\/\/moose.de\/it_it\/der-grunder\/\" \/>\n<meta property=\"og:site_name\" content=\"Sprachzentrum Moose\" \/>\n<meta property=\"article:publisher\" content=\"https:\/\/www.facebook.com\/centrolinguisticomoose\" \/>\n<meta property=\"article:modified_time\" content=\"2025-07-30T08:31:56+00:00\" \/>\n<meta property=\"og:image\" content=\"https:\/\/www.moose.it\/wp-content\/uploads\/2025\/07\/marek-los-fondatore-wordpress-225x300.jpg\" \/>\n<meta name=\"twitter:card\" content=\"summary_large_image\" \/>\n<meta name=\"twitter:label1\" content=\"Tempo di lettura stimato\" \/>\n\t<meta name=\"twitter:data1\" content=\"2 minuti\" \/>\n<script type=\"application\/ld+json\" class=\"yoast-schema-graph\">{\"@context\":\"https:\/\/schema.org\",\"@graph\":[{\"@type\":\"WebPage\",\"@id\":\"https:\/\/moose.de\/der-grunder\/\",\"url\":\"https:\/\/moose.de\/der-grunder\/\",\"name\":\"Der Gr\u00fcnder - Sprachzentrum Moose\",\"isPartOf\":{\"@id\":\"https:\/\/moose.de\/#website\"},\"primaryImageOfPage\":{\"@id\":\"https:\/\/moose.de\/der-grunder\/#primaryimage\"},\"image\":{\"@id\":\"https:\/\/moose.de\/der-grunder\/#primaryimage\"},\"thumbnailUrl\":\"https:\/\/www.moose.it\/wp-content\/uploads\/2025\/07\/marek-los-fondatore-wordpress-225x300.jpg\",\"datePublished\":\"2025-07-30T08:18:08+00:00\",\"dateModified\":\"2025-07-30T08:31:56+00:00\",\"breadcrumb\":{\"@id\":\"https:\/\/moose.de\/der-grunder\/#breadcrumb\"},\"inLanguage\":\"it-IT\",\"potentialAction\":[{\"@type\":\"ReadAction\",\"target\":[\"https:\/\/moose.de\/der-grunder\/\"]}]},{\"@type\":\"ImageObject\",\"inLanguage\":\"it-IT\",\"@id\":\"https:\/\/moose.de\/der-grunder\/#primaryimage\",\"url\":\"https:\/\/www.moose.it\/wp-content\/uploads\/2025\/07\/marek-los-fondatore-wordpress-225x300.jpg\",\"contentUrl\":\"https:\/\/www.moose.it\/wp-content\/uploads\/2025\/07\/marek-los-fondatore-wordpress-225x300.jpg\"},{\"@type\":\"BreadcrumbList\",\"@id\":\"https:\/\/moose.de\/der-grunder\/#breadcrumb\",\"itemListElement\":[{\"@type\":\"ListItem\",\"position\":1,\"name\":\"Home\",\"item\":\"https:\/\/moose.de\/\"},{\"@type\":\"ListItem\",\"position\":2,\"name\":\"Der Gr\u00fcnder\"}]},{\"@type\":\"WebSite\",\"@id\":\"https:\/\/moose.de\/#website\",\"url\":\"https:\/\/moose.de\/\",\"name\":\"Centro Linguistico Moose\",\"description\":\"Sprachzentrum in Berlin\",\"publisher\":{\"@id\":\"https:\/\/moose.de\/#organization\"},\"alternateName\":\"Moose\",\"potentialAction\":[{\"@type\":\"SearchAction\",\"target\":{\"@type\":\"EntryPoint\",\"urlTemplate\":\"https:\/\/moose.de\/?s={search_term_string}\"},\"query-input\":{\"@type\":\"PropertyValueSpecification\",\"valueRequired\":true,\"valueName\":\"search_term_string\"}}],\"inLanguage\":\"it-IT\"},{\"@type\":\"Organization\",\"@id\":\"https:\/\/moose.de\/#organization\",\"name\":\"Centro Linguistico Moose\",\"url\":\"https:\/\/moose.de\/\",\"logo\":{\"@type\":\"ImageObject\",\"inLanguage\":\"it-IT\",\"@id\":\"https:\/\/moose.de\/#\/schema\/logo\/image\/\",\"url\":\"https:\/\/moose.de\/wp-content\/uploads\/2024\/04\/MooseCentroLinguistico-e1714147189790.png\",\"contentUrl\":\"https:\/\/moose.de\/wp-content\/uploads\/2024\/04\/MooseCentroLinguistico-e1714147189790.png\",\"width\":691,\"height\":271,\"caption\":\"Centro Linguistico Moose\"},\"image\":{\"@id\":\"https:\/\/moose.de\/#\/schema\/logo\/image\/\"},\"sameAs\":[\"https:\/\/www.facebook.com\/centrolinguisticomoose\"]}]}<\/script>\n<!-- \/ Yoast SEO plugin. -->","yoast_head_json":{"title":"Der Gr\u00fcnder - Sprachzentrum Moose","robots":{"index":"index","follow":"follow","max-snippet":"max-snippet:-1","max-image-preview":"max-image-preview:large","max-video-preview":"max-video-preview:-1"},"canonical":"https:\/\/moose.de\/it_it\/der-grunder\/","og_locale":"it_IT","og_type":"article","og_title":"Der Gr\u00fcnder - Sprachzentrum Moose","og_description":"Der Gr\u00fcnder \u2013 Marek Los Marek Los ist Jurist, Dozent, Experte f\u00fcr den Fremdsprachenerwerb und Initiator internationaler Bildungsprojekte. Er ist&#8230;","og_url":"https:\/\/moose.de\/it_it\/der-grunder\/","og_site_name":"Sprachzentrum Moose","article_publisher":"https:\/\/www.facebook.com\/centrolinguisticomoose","article_modified_time":"2025-07-30T08:31:56+00:00","og_image":[{"url":"https:\/\/www.moose.it\/wp-content\/uploads\/2025\/07\/marek-los-fondatore-wordpress-225x300.jpg","type":"","width":"","height":""}],"twitter_card":"summary_large_image","twitter_misc":{"Tempo di lettura stimato":"2 minuti"},"schema":{"@context":"https:\/\/schema.org","@graph":[{"@type":"WebPage","@id":"https:\/\/moose.de\/der-grunder\/","url":"https:\/\/moose.de\/der-grunder\/","name":"Der Gr\u00fcnder - Sprachzentrum Moose","isPartOf":{"@id":"https:\/\/moose.de\/#website"},"primaryImageOfPage":{"@id":"https:\/\/moose.de\/der-grunder\/#primaryimage"},"image":{"@id":"https:\/\/moose.de\/der-grunder\/#primaryimage"},"thumbnailUrl":"https:\/\/www.moose.it\/wp-content\/uploads\/2025\/07\/marek-los-fondatore-wordpress-225x300.jpg","datePublished":"2025-07-30T08:18:08+00:00","dateModified":"2025-07-30T08:31:56+00:00","breadcrumb":{"@id":"https:\/\/moose.de\/der-grunder\/#breadcrumb"},"inLanguage":"it-IT","potentialAction":[{"@type":"ReadAction","target":["https:\/\/moose.de\/der-grunder\/"]}]},{"@type":"ImageObject","inLanguage":"it-IT","@id":"https:\/\/moose.de\/der-grunder\/#primaryimage","url":"https:\/\/www.moose.it\/wp-content\/uploads\/2025\/07\/marek-los-fondatore-wordpress-225x300.jpg","contentUrl":"https:\/\/www.moose.it\/wp-content\/uploads\/2025\/07\/marek-los-fondatore-wordpress-225x300.jpg"},{"@type":"BreadcrumbList","@id":"https:\/\/moose.de\/der-grunder\/#breadcrumb","itemListElement":[{"@type":"ListItem","position":1,"name":"Home","item":"https:\/\/moose.de\/"},{"@type":"ListItem","position":2,"name":"Der Gr\u00fcnder"}]},{"@type":"WebSite","@id":"https:\/\/moose.de\/#website","url":"https:\/\/moose.de\/","name":"Centro Linguistico Moose","description":"Sprachzentrum in Berlin","publisher":{"@id":"https:\/\/moose.de\/#organization"},"alternateName":"Moose","potentialAction":[{"@type":"SearchAction","target":{"@type":"EntryPoint","urlTemplate":"https:\/\/moose.de\/?s={search_term_string}"},"query-input":{"@type":"PropertyValueSpecification","valueRequired":true,"valueName":"search_term_string"}}],"inLanguage":"it-IT"},{"@type":"Organization","@id":"https:\/\/moose.de\/#organization","name":"Centro Linguistico Moose","url":"https:\/\/moose.de\/","logo":{"@type":"ImageObject","inLanguage":"it-IT","@id":"https:\/\/moose.de\/#\/schema\/logo\/image\/","url":"https:\/\/moose.de\/wp-content\/uploads\/2024\/04\/MooseCentroLinguistico-e1714147189790.png","contentUrl":"https:\/\/moose.de\/wp-content\/uploads\/2024\/04\/MooseCentroLinguistico-e1714147189790.png","width":691,"height":271,"caption":"Centro Linguistico Moose"},"image":{"@id":"https:\/\/moose.de\/#\/schema\/logo\/image\/"},"sameAs":["https:\/\/www.facebook.com\/centrolinguisticomoose"]}]}},"_links":{"self":[{"href":"https:\/\/moose.de\/it_it\/wp-json\/wp\/v2\/pages\/25798","targetHints":{"allow":["GET"]}}],"collection":[{"href":"https:\/\/moose.de\/it_it\/wp-json\/wp\/v2\/pages"}],"about":[{"href":"https:\/\/moose.de\/it_it\/wp-json\/wp\/v2\/types\/page"}],"author":[{"embeddable":true,"href":"https:\/\/moose.de\/it_it\/wp-json\/wp\/v2\/users\/13"}],"replies":[{"embeddable":true,"href":"https:\/\/moose.de\/it_it\/wp-json\/wp\/v2\/comments?post=25798"}],"version-history":[{"count":17,"href":"https:\/\/moose.de\/it_it\/wp-json\/wp\/v2\/pages\/25798\/revisions"}],"predecessor-version":[{"id":25819,"href":"https:\/\/moose.de\/it_it\/wp-json\/wp\/v2\/pages\/25798\/revisions\/25819"}],"wp:attachment":[{"href":"https:\/\/moose.de\/it_it\/wp-json\/wp\/v2\/media?parent=25798"}],"curies":[{"name":"wp","href":"https:\/\/api.w.org\/{rel}","templated":true}]}}

Der Gründer

<div data-elementor-type="wp-page" data-elementor-id="25798" class="elementor elementor-25798">
				<div class="elementor-element elementor-element-4b17458 e-flex e-con-boxed e-con e-parent" data-id="4b17458" data-element_type="container">
					<div class="e-con-inner">
				<div class="elementor-element elementor-element-b8654a0 elementor-widget elementor-widget-text-editor" data-id="b8654a0" data-element_type="widget" data-widget_type="text-editor.default">
				<div class="elementor-widget-container">
									<p><strong>Der Gründer – Marek Los</strong></p><p>Marek Los ist Jurist, Dozent, Experte für den Fremdsprachenerwerb und Initiator internationaler Bildungsprojekte.</p><p>Er ist eine anerkannte und geschätzte Persönlichkeit für seinen Beitrag zum Sprachunterricht, insbesondere im Bereich Englisch. Er ist der Autor der innovativen Methode LRP &amp; Use with Ease, einem Ansatz, der Neurodidaktik, praktisches Strukturlernen und moderne Unterrichtstechniken vereint. Diese Methode, die bereits erfolgreich in Italien, Polen und Brasilien angewandt wird, hat Tausenden von Lernenden geholfen, schneller, effektiver und mit mehr Freude zu lernen.</p><p>Marek Los ist Gründer und Leiter zahlreicher internationaler Bildungs- und Geschäftsprojekte, darunter:</p><p>👉 Centro Linguistico Moose srl (Italien) – Sprachschule mit Sitz in Rom<br />👉 Moose Centrum Języków Obcych (Polen) – Netzwerk mit über 150 Sprachzentren im ganzen Land<br />👉 Moose Casa Italia – Immobilien für Ausländer in Italien<br />👉 Apartamento Brasil – Immobilieninvestitionen in Brasilien<br />👉 Moose Polecane Korepetycje – Bildungsnetzwerk in ganz Polen<br />👉Super-edu – Online-Bildungsportal</p><p>Seine Schulen und Projekte sind in über einem Dutzend Ländern vertreten und haben bereits mehr als 200.000 Lernende weltweit erreicht.</p><p>Als Jurist praktiziert Marek Los nicht als Anwalt in Italien, ist jedoch im internationalen, immobilien- und bildungsrechtlichen Bereich aktiv. Er berät Investoren und Privatpersonen in Italien, Polen und Brasilien mit einer ganzheitlichen Vision, die rechtliche, pädagogische und unternehmerische Kompetenz vereint.</p><p>Seit über 30 Jahren unterrichtet er und bildet Lehrkräfte in verschiedenen Ländern Europas und Südamerikas aus, darunter Deutschland, Österreich und die Schweiz. Er hat zahlreiche Artikel und didaktische Beiträge in mehreren Sprachen veröffentlicht und ist auch als Blogger und Bildungsreferent aktiv.</p><p>Er lebt zwischen Rom und Fortaleza (Brasilien), spricht sechs Sprachen und ist leidenschaftlicher Reisender, Kulturliebhaber, Fußballfan und Bildungsenthusiast. In Rom wohnt er im Viertel Parioli und ist ein treuer Fan der AS Roma, regelmäßig im Olympiastadion anzutreffen.</p><p>Sein Ziel war nie der Profit, sondern die Schaffung einer ganz anderen Schule – einer Schule, in der der Mensch und das Ergebnis im Mittelpunkt stehen.</p><p>Seine ständige Präsenz, seine Leidenschaft fürs Lehren und seine menschliche Aufmerksamkeit sind das Herzstück des Moose-Projekts.</p><p> </p>								</div>
				</div>
				<div class="elementor-element elementor-element-00b5df6 elementor-widget elementor-widget-text-editor" data-id="00b5df6" data-element_type="widget" data-widget_type="text-editor.default">
				<div class="elementor-widget-container">
									<p class="ai-optimize-26"> </p><blockquote><p>“Für mich war das Unterrichten nie nur ein Beruf. Es ist ein Lebensprojekt – eine Brücke zwischen Menschen und Welten.”<br /><em>Marek Los</em></p><p><img fetchpriority="high" decoding="async" class="alignnone size-medium wp-image-25235" src="https://www.moose.it/wp-content/uploads/2025/07/marek-los-fondatore-wordpress-225x300.jpg" alt="" width="225" height="300" /></p></blockquote>								</div>
				</div>
					</div>
				</div>
				</div>

<p>Der Gründer – Marek Los Marek Los ist Jurist, Dozent, Experte für den Fremdsprachenerwerb und Initiator internationaler Bildungsprojekte. Er ist&#8230;</p>

<!-- This site is optimized with the Yoast SEO plugin v25.6 - https://yoast.com/wordpress/plugins/seo/ -->
<title>Der Gründer - Sprachzentrum Moose</title>
<meta name="robots" content="index, follow, max-snippet:-1, max-image-preview:large, max-video-preview:-1" />
<link rel="canonical" href="https://moose.de/it_it/der-grunder/" />
<meta property="og:locale" content="it_IT" />
<meta property="og:type" content="article" />
<meta property="og:title" content="Der Gründer - Sprachzentrum Moose" />
<meta property="og:description" content="Der Gründer – Marek Los Marek Los ist Jurist, Dozent, Experte für den Fremdsprachenerwerb und Initiator internationaler Bildungsprojekte. Er ist&#8230;" />
<meta property="og:url" content="https://moose.de/it_it/der-grunder/" />
<meta property="og:site_name" content="Sprachzentrum Moose" />
<meta property="article:publisher" content="https://www.facebook.com/centrolinguisticomoose" />
<meta property="article:modified_time" content="2025-07-30T08:31:56+00:00" />
<meta property="og:image" content="https://www.moose.it/wp-content/uploads/2025/07/marek-los-fondatore-wordpress-225x300.jpg" />
<meta name="twitter:card" content="summary_large_image" />
<meta name="twitter:label1" content="Tempo di lettura stimato" />
	<meta name="twitter:data1" content="2 minuti" />
<script type="application/ld+json" class="yoast-schema-graph">{"@context":"https://schema.org","@graph":[{"@type":"WebPage","@id":"https://moose.de/der-grunder/","url":"https://moose.de/der-grunder/","name":"Der Gründer - Sprachzentrum Moose","isPartOf":{"@id":"https://moose.de/#website"},"primaryImageOfPage":{"@id":"https://moose.de/der-grunder/#primaryimage"},"image":{"@id":"https://moose.de/der-grunder/#primaryimage"},"thumbnailUrl":"https://www.moose.it/wp-content/uploads/2025/07/marek-los-fondatore-wordpress-225x300.jpg","datePublished":"2025-07-30T08:18:08+00:00","dateModified":"2025-07-30T08:31:56+00:00","breadcrumb":{"@id":"https://moose.de/der-grunder/#breadcrumb"},"inLanguage":"it-IT","potentialAction":[{"@type":"ReadAction","target":["https://moose.de/der-grunder/"]}]},{"@type":"ImageObject","inLanguage":"it-IT","@id":"https://moose.de/der-grunder/#primaryimage","url":"https://www.moose.it/wp-content/uploads/2025/07/marek-los-fondatore-wordpress-225x300.jpg","contentUrl":"https://www.moose.it/wp-content/uploads/2025/07/marek-los-fondatore-wordpress-225x300.jpg"},{"@type":"BreadcrumbList","@id":"https://moose.de/der-grunder/#breadcrumb","itemListElement":[{"@type":"ListItem","position":1,"name":"Home","item":"https://moose.de/"},{"@type":"ListItem","position":2,"name":"Der Gründer"}]},{"@type":"WebSite","@id":"https://moose.de/#website","url":"https://moose.de/","name":"Centro Linguistico Moose","description":"Sprachzentrum in Berlin","publisher":{"@id":"https://moose.de/#organization"},"alternateName":"Moose","potentialAction":[{"@type":"SearchAction","target":{"@type":"EntryPoint","urlTemplate":"https://moose.de/?s={search_term_string}"},"query-input":{"@type":"PropertyValueSpecification","valueRequired":true,"valueName":"search_term_string"}}],"inLanguage":"it-IT"},{"@type":"Organization","@id":"https://moose.de/#organization","name":"Centro Linguistico Moose","url":"https://moose.de/","logo":{"@type":"ImageObject","inLanguage":"it-IT","@id":"https://moose.de/#/schema/logo/image/","url":"https://moose.de/wp-content/uploads/2024/04/MooseCentroLinguistico-e1714147189790.png","contentUrl":"https://moose.de/wp-content/uploads/2024/04/MooseCentroLinguistico-e1714147189790.png","width":691,"height":271,"caption":"Centro Linguistico Moose"},"image":{"@id":"https://moose.de/#/schema/logo/image/"},"sameAs":["https://www.facebook.com/centrolinguisticomoose"]}]}</script>
<!-- / Yoast SEO plugin. -->

Der Gründer - Sprachzentrum Moose

Der Gründer – Marek Los Marek Los ist Jurist, Dozent, Experte für den Fremdsprachenerwerb und Initiator internationaler Bildungsprojekte. Er ist&#8230;
